s. Determine c(b).
5
Let a be (-1)/(-4)*-1 - (-370)/40. Suppose 2*k + a = 5*k. Let m(h) = h**3 - 5*h**2 + 2*h + 2. Give m(k).
-10
Let h(l) = -31*l + 4. Let q(p) = 43*p - 3. Let y(v) = 4*h(v) + 3*q(v). Determine y(-2).
-3
Let v = 18 + -10. Let x(t) = 133*t - 15 + 3 + 130*t - 262*t. Give x(v).
-4
Let d(u) = -u**2 - u - 1. Let b be d(-3). Let t = b + 14. Suppose -3*h = -t*h - 20. Let m(k) = -k**3 - 6*k**2 - 3*k + 4. Calculate m(h).
-6
Let p be (-8 + (-8)/(-1))/(-2). Suppose 3*o = o + 4. Let v(x) = -x - 1 + 1 - 3 - x**o. Give v(p).
-3
Let p(k) = k**3 + 10*k**2 + 11*k + 24. Let g be p(-9). Let z(y) = -3*y - 2. Determine z(g).
-20
Let y(f) = f - 22. Let a(u) = u - 20. Let w(j) = 5*a(j) - 4*y(j). What is w(9)?
-3
Let y(b) = 5*b + 4. Let s(h) = -h**2 - 7*h. Let p be s(-6). Let q(r) = 9*r + 7. Let n(k) = p*q(k) - 11*y(k). Suppose 3*v = -2*v. Determine n(v).
-2
Let w(t) = -t**3 - 4*t**2 + 13. Let m(p) = p**3 + 3*p**2 - 2*p - 14. Let v(x) = -6*m(x) - 7*w(x). Determine v(-9).
-34
Let y(p) = -28. Let x(v) = 2*v + 4. Let o(q) = x(q) + y(q). Give o(19).
14
Suppose 2*r + 4*o = -3*r + 23, -r - 3 = -3*o. Suppose 24 = 3*i - r. Suppose -7*u + i*u + 10 = 0. Let l(p) = -p**2 - 6*p + 7. Determine l(u).
12
Let x(l) = 0*l - 4 + 13 + 2*l. Let g be (-89)/(623/(-14)) - 1*8. What is x(g)?
-3
Let x be (2/(-5))/(2/70). Let m(z) = z**3 + 13*z**2 - 14*z + 5. Let r be m(x). Let g(f) = -f + 6. Give g(r).
1
Let l(m) = -m**3 + 13*m**2 - 13*m + 15. Let o be l(12). Suppose 0 - 6 = -3*a. Let u(j) = o*j**2 - 2*j**a - 3*j**2. Give u(-1).
-2
Let p(z) = 6*z + 4. Let i(y) = -14*y - 14. Let n(l) = l - 1. Let x(o) = i(o) - 3*n(o). Let c(u) = -8*p(u) - 3*x(u). Suppose -2 = 24*j - 26*j. Give c(j).
4
Let c(u) = -u**2 - 3*u - 2. Let t be c(-2). Suppose t = m - 3. Let f(g) = -3*g**3 + 5*g**m + g**2 + 1 + 7*g**3 - g - 4*g**3. Calculate f(1).
6
Let o(u) be the third derivative of u**6/120 + u**5/4 + 13*u**4/24 + 7*u**3/3 + u**2 - 285*u. Calculate o(-14).
28
Let u(a) = 3*a. Let m(c) = -4*c + 2. Let r(n) = -4*m(n) - 5*u(n). Let h be (-2)/(-3) + 75/9. Let z be r(h). Let q(g) = 4*g. Give q(z).
4
Let p(s) = -6*s - 38. Let v be p(-11). Let l be (-1 + 4 - 2)*(-28 + v). Let t(m) be the first derivative of -m**2/2 - 16*m + 2. What is t(l)?
-16
Let z(x) be the second derivative of -x**5/20 + x**4/2 + 2*x**2 + x + 2. Give z(3).
31
Let w(f) = f**3 + 6*f**2 + 4*f - 1. Let z be w(-5). Let x(c) = 39*c - 17. Let d(r) = 11*r - 5. Let q(a) = -7*d(a) + 2*x(a). Calculate q(z).
5
Let q(u) be the first derivative of -u**7/840 + u**6/120 + u**5/20 - u**4/6 + 8*u**3/3 + 1. Let y(j) be the third derivative of q(j). Let h = 9 + -5. Give y(h).
4
Let x(v) = -3*v + 8. Let s(w) = 7*w - 14. Let j(z) = -2*s(z) - 5*x(z). What is j(12)?
0
Let w(m) be the third derivative of 7*m**5/60 + m**4/12 - m**3/6 + 4*m**2. Suppose -3*v - 6 = -2*v + 3*h, -5*v - 30 = 4*h. Let x = -5 - v. Calculate w(x).
8
Let j(x) = x**3 + 3*x**2 + 6*x + 7. Suppose -4 = 6*o + 14. Determine j(o).
-11
Let u(s) = 4*s**2 + 4*s. Let y(w) = w**2 + w. Let p(f) = -u(f) + 5*y(f). Give p(3).
12
Let a(w) be the third derivative of -w**6/120 - 4*w**5/15 - 2*w**4/3 - 5*w**3/6 - 651*w**2. Determine a(-15).
10
Let o be (-2)/10 - (-9)/45. Let z be 2 + o/(-1 - 2). Let r(y) = y**2 + 6*y**z + 0*y**2 + 1. Give r(1).
8
Suppose 0 = 26*r - 17 - 87. Let a(t) be the first derivative of t**3 - 5 + 3*t**2 - r*t - 1/4*t**4. Calculate a(4).
4
Let y(c) be the second derivative of 5/2*c**2 + 0 - 1/6*c**3 - 11*c. Give y(4).
1
Let u(f) = -2*f**2 + 5*f - 5. Let b(o) = -o**2 + 17*o - 68. Let z be b(8). Calculate u(z).
-17
Suppose -18 = -x + 5*q + 23, -x + 27 = 2*q. Let m = -27 + x. Let a(n) = -n**3 + 3*n**2 + 7*n - 6. Let c be a(m). Let r(j) = j - 1. What is r(c)?
5
Let u(y) = -1 + 2890*y**3 - y**2 - 1449*y**3 - 1442*y**3. Suppose -4*d = 16, 0 = 4*a - 4*d + 3*d + 16. Let t = 3 + a. Give u(t).
3
Let y(k) = 98*k**3 - 46*k**3 - 49*k**3 - 9*k**2 + 4*k - 3 + 0. Let g(x) = 8*x**3 - 26*x**2 + 11*x - 9. Let r(n) = 4*g(n) - 11*y(n). Give r(-4).
-19
Let r(n) be the first derivative of n + 6 - n**2 - 1/3*n**3. Suppose 1 - 16 = 5*d. Give r(d).
-2
Let w(f) = 6*f**2 + 2*f. Let d(u) = -12*u**2 - 5*u. Let z(p) = -2*d(p) - 5*w(p). Calculate z(-1).
-6
Let u(r) = r**3 + 171*r + 4*r**2 - 167*r - 2*r**3 - 5 + 2. Determine u(5).
-8
Suppose 0 = w + 4*r + 4, 3*w + 10 = -r + 31. Let s(k) = 3*k - 12. Give s(w).
12
Let t(o) be the third derivative of 1/3*o**3 - 6*o + 0 - 1/24*o**4 + o**2. Calculate t(6).
-4
Let d(q) be the first derivative of -1/2*q**2 + 4 - 1/3*q**3 + 2*q. Let h be (-3)/3 - -3 - 2. Determine d(h).
2
Let c be (-177)/(-9) + (-14)/(-6) + -2. Suppose 7*h = 2*h + c. Let j(v) = -v**2. What is j(h)?
-16
Let s be 4572/42 - (0 - (-1)/(-7)). Let x = -119 + s. Let m(d) = 2*d + 9. Calculate m(x).
-11
Let m(a) = -a**3 - 8*a**2 + 6*a + 51. Let u be m(-8). Let g(w) = w**2 - 2. Let f be g(2). Let r(t) = -4 + t + f + u + 3*t. What is r(3)?
13
Suppose 504*y = 509*y - 30. Let x(w) = w**2 - 13*w + 21. What is x(y)?
-21
Let b(f) = f**3 - 10*f**2 + 17*f - 4. Let w be b(8). Let d(q) = w - 6 - 1 - 3*q + q. Determine d(-5).
7
Let y(j) be the third derivative of j**5/60 + j**4/4 + j**3/2 - 2*j**2. Suppose 0 = 11*s - 8 - 47. Suppose -15 = 4*q + c, 4*c - 3*c = s*q + 21. Give y(q).
-5
Suppose 10 = 5*g + 6*o - 3*o, 0 = -5*g + o - 10. Let n(l) = 7*l**3 + l**2 - 1. What is n(g)?
-7
Let m(q) = 2*q**2 - 6*q + 1. Suppose 40 = 19*j - 9*j. Determine m(j).
9
Let h(s) = 6*s**3 - 4*s**2 - s - 8. Suppose g - i - i = 0, 3*g + 10 = i. Let q(l) = 5*l**3 - 3*l**2 - l - 7. Let v(p) = g*h(p) + 5*q(p). Give v(0).
-3
Let d(p) = p - 4. Let n(m) = m - 3. Let z(s) = s**2 - s - 1. Let h be z(-1). Let q = h - -5. Let b(j) = q*n(j) - 5*d(j). What is b(-6)?
-4
Let k(l) = -l**2 - 5*l - 2. Let s be ((-36)/(-14) - 2) + (-1140)/133. Determine k(s).
-26
Let u(y) = -9*y**2 - y + 10. Let s(g) = 25*g**2 + 2*g - 29. Let n(w) = 4*s(w) + 11*u(w). What is n(6)?
12
Let t(u) = -41*u**3 + 6*u**2 - u - 1. Let z(b) = -b**2. Let x(w) = -t(w) - 6*z(w). Determine x(-1).
-41
Suppose 0 = 2*f + 8, 2*f = -4*r - f. Suppose l = r*l + 2. Let c(b) be the first derivative of -b**3/3 - b**2 - b - 1. Calculate c(l).
0
Suppose 10 = 2*r + 6. Let n = r + -2. Suppose -3*y + n*o = -2*o, 3*y + 4*o = 0. Let a(d) = -d - 10. Calculate a(y).
-10
Let q(o) = -o**2 - o + 1. Suppose 5*h + 20 + 30 = 0. Let v(i) = i**2 + 6*i + 8. Let b be v(-6). Let d = h + b. Determine q(d).
-1
Let p be -2*(1 + (-3)/2). Suppose 0 = -2*a + 2*g + 6, -5*a - 2*g + 2 - 1 = 0. Let j(t) = -a + 385*t - 382*t - p - t**2. Give j(4).
-6
Let x(l) = -l**3 - 3*l**2 - 2*l - 2. Let s(p) = p**3 + 2*p**2 + 3. Let k(o) = -4*s(o) - 3*x(o). What is k(3)?
-6
Let d(x) be the first derivative of x**2/2 + 4*x + 144. Let z = 2 - 2. Calculate d(z).
4
Let q(a) = -3*a**3 + 2*a**2 - 1. Let y = 21 - 28. Let f = y + 11. Suppose 0 = -t + 2*m - 9, -3*m = -f*t - 4*m. What is q(t)?
4
Let t(a) = -a**3 - a**2 + 2*a + 2. Let v be t(0). Suppose -v*n = s + 3*s - 8, 4*s + 12 = 3*n. Let l(b) = 0*b**2 + 6*b + b**2 + s*b**2 + 5. Determine l(-5).
0
Let c be 0 + 2 + (-2 - 4). Let s(x) = -3*x + 2. Let j(o) = 2*o - 16. Let q be j(7). Let w(v) = 15*v - 11. Let a(z) = q*w(z) - 11*s(z). Give a(c).
-12
Suppose 2*r - r - 8 = -4*b, 4*r - 10 = -5*b. Let i(c) = -c**3 + c**2 - 5. Determine i(r).
-5
Let r(t) = 2*t**2 + t + 4 + 1 - 3*t**2. Suppose 0 = -m + 5*k + 78, 360 = 5*m + 8*k - 3*k. Let h = m + -77. Determine r(h).
-15
Let m(h) be the third derivative of -1/20*h**5 + 0*h**3 + 0 - 2*h**2 - 1/24*h**4 + 0*h. Give m(-1).
-2
Let c(x) = -10*x - 38. Let b(r) = 4*r + 13. Let l(q) = -11*b(q) - 4*c(q). Calculate l(4).
-7
Let s(v) = -8*v + 14*v - 4*v. Let c be s(1). Let x(z) = -5*z + c*z + 15 + 5*z - 6. Give x(-6).
-3
Let a(g) = 9*g**2 + 6*g + 5. Let s(l) = -2*l**2. Let q(n) = a(n) + 5*s(n). Determine q(6).
5
Let d = -434 + 443. Let h(y) = -3*y + 5. Calculate h(d).
-22
Let j = -336 + 333. Let y(k) = k**3 + 2*k**2 - 2*k - 5. Calculate y(j).
-8
Let x(v) = v**2 - 20*v - 19. Suppose 6*w - w - 109 = -b, 5*w - 3*b = 93. Determine x(w).
2
Let p(s) = -s**2 + 26*s - 55. Let i be ((-84)/(-7))/((-11)/(-22)). Calculate p(i).
-7
Let w(i) = -3*i**2 - 11*i**2 + 15*i**2 - 71 + 59 - 11*i. Determine w(12).
0
Let s(j) = j**3 + 6*j**2 - 9*j. Suppose 11*f + 6*f = -119. What is s(f)?
14
Let o(v) be 